t is 100012 - -1021021020?
1021121102
In base 7, what is 60555364 + 0?
60555364
In base 12, what is 56 + 44a9864?
44a98ba
In base 11, what is -311 + -382470?
-382781
In base 4, what is 10312120 - -21311?
11000031
In base 6, what is -5 - -115111000?
115110551
In base 16, what is 1dc8 + 29db?
47a3
In base 8, what is 2167 - -7051?
11240
In base 12, what is 4 - -263b4?
263b8
In base 13, what is -701968 - 16b?
-701b06
In base 9, what is 232 + 61807?
62140
In base 14, what is 5d - 169d40?
-169cc1
In base 2, what is 11001000000011111101100011 + 10?
11001000000011111101100101
In base 3, what is -10120111020011 + 21?
-10120111012220
In base 7, what is 133 + 2254005?
2254141
In base 8, what is -113 - -343563?
343450
In base 12, what is -5 - 233611?
-233616
In base 7, what is 454 + -22566?
-22112
In base 11, what is -15 - 7439959?
-7439973
In base 5, what is 110 + -1133204402?
-1133204242
In base 8, what is 164271 - -12?
164303
In base 15, what is -55 + 2933a?
292d5
In base 6, what is -40411150410 - -3?
-40411150403
In base 8, what is -31075417 - -211?
-31075206
In base 5, what is 412310030 + -13?
412310012
In base 10, what is 47066 + 3901?
50967
In base 2, what is -1000111010111010011010 - 1?
-1000111010111010011011
In base 11, what is 259106270 - 5?
259106266
In base 7, what is 16442 + 4060?
23532
In base 12, what is -47 - -323920?
323895
In base 4, what is 11 + -2010110?
-2010033
In base 7, what is -4 + 3326336121?
3326336114
In base 14, what is 71 - 75a2?
-7531
In base 9, what is -8 - -17743660?
17743651
In base 10, what is 960993 + -4?
960989
In base 12, what is -742 - -2303?
1781
In base 4, what is 12131113121113 - -11?
12131113121130
In base 12, what is -2096203 + -4?
-2096207
In base 13, what is -72b87a - -20?
-72b85a
In base 16, what is a37 - 635?
402
In base 5, what is 3313041 - 2102?
3310434
In base 11, what is 34a + -8130?
-7891
In base 3, what is 11 + 1102200222210?
1102200222221
In base 6, what is -245251320 + -54?
-245251414
In base 9, what is 14273 - 1682?
12481
In base 3, what is -101100021002122 + -2?
-101100021002201
In base 6, what is 3 - -143044230?
143044233
In base 6, what is -1444113 + -41?
-1444154
In base 15, what is 0 + -3a1314e?
-3a1314e
In base 5, what is -30000042 + 303?
-24444234
In base 5, what is -222014 + -212111?
-434130
In base 9, what is -600627 + 28?
-600588
In base 4, what is -32002211 - -2031222?
-23310323
In base 12, what is -3 - -104236b5?
104236b2
In base 12, what is -35ab8 - b?
-35b07
In base 2, what is 10110001100000001110 - 101011110?
10110001011010110000
In base 7, what is -13 - -151040411?
151040365
In base 2, what is 101010011001100 - -1111000?
101010101000100
In base 12, what is -1 - 43335512?
-43335513
In base 14, what is -245 + 10c3?
c7c
In base 11, what is 3270 + -236?
3035
In base 15, what is -14d2cd87 - 4?
-14d2cd8b
In base 10, what is -3 + 19433832?
19433829
In base 5, what is -11 + -42224213?
-42224224
In base 8, what is 154435 + 75?
154532
In base 14, what is 31385 + -7ab?
309b8
In base 10, what is 18853953 - 1?
18853952
In base 10, what is 1368 + -28133?
-26765
In base 2, what is 10100111 - -11001100100010110111110?
11001100100011001100101
In base 8, what is -142 - 7313673?
-7314035
In base 9, what is -1 + 78353335?
78353334
In base 3, what is -201122 - 202112002?
-210020201
In base 12, what is -20 + 3a790?
3a770
In base 5, what is -10404032123 - -10?
-10404032113
In base 2, what is -110 - 11001000101001100001?
-11001000101001100111
In base 7, what is 12121 + 310410?
322531
In base 3, what is 10112210012 + 120111?
10120100200
In base 12, what is 5 + -39563989?
-39563984
In base 6, what is 1120 + 2530200?
2531320
In base 7, what is 261 - -3330110?
3330401
In base 15, what is 5cb7 - -6ad?
6475
In base 13, what is 142896 - 24?
142872
In base 4, what is -32210211331200 - 11?
-32210211331211
In base 10, what is -49817 + -5?
-49822
In base 5, what is 22431 - 13104?
4322
In base 2, what is -100011000111000100001 - 10010?
-100011000111000110011
In base 4, what is 312 - -123110210?
123111122
In base 14, what is -15aa65 + -1?
-15aa66
In base 14, what is 1a51594 - -4?
1a51598
In base 16, what is 20791 + -14d?
20644
In base 9, what is -45 - 244725?
-244771
In base 13, what is 0 + -616103?
-616103
In base 4, what is -21113 + -111113331?
-111201110
In base 15, what is 4 + 267ede?
267ee3
In base 11, what is 252984161 - -4?
252984165
In base 5, what is -242102144142 + -3?
-242102144200
In base 12, what is -31a - -86b?
551
In base 2, what is -10000101011111 - -110010010011011?
100001100111100
In base 8, what is 1555113515 + 2?
1555113517
In base 14, what is 67 + 261cbb?
261d44
In base 9, what is 172230737 - 3?
172230734
In base 15, what is -123684 - -150?
-123534
In base 13, what is -6a1bc16 + -4?
-6a1bc1a
In base 8, what is -10 + 63044352?
63044342
In base 9, what is 272 - 533487?
-533215
In base 11, what is -4 + 2102735?
2102731
In base 8, what is 32 - -1326045?
1326077
In base 9, what is 71282 - 2353?
67828
In base 16, what is -1e7fde - 1?
-1e7fdf
In base 12, what is -54923 + 168?
-54777
In base 12, what is -784b3 - -12?
-784a1
In base 2, what is -10010 + -11011101010101101111101?
-11011101010101110001111
In base 7, what is 3412103234 - -3?
3412103240
In base 2, what is -1000010110100011101 + -10?
-1000010110100011111
In base 2, what is -11011100010001000111 - -100?
-11011100010001000011
In base 15, what is -327 - 155a2?
-158c9
In base 3, what is 10 - -1000211001002122?
1000211001002202
In base 7, what is 10334022 + -52?
10333640
In base 7, what is -40534664 + 5?
-40534656
In base 9, what is 3 + 11742040?
11742043
In base 9, what is -877 - 12185?
-13173
In base 6, what is -25 + 140143020?
140142551
In base 7, what is 1464 - -142113?
143610
In base 13, what is -23807c3c - -4?
-23807c38
In base 11, what is -2 - -3208a324?
3208a322
In base 6, what is 52 - -445254521?
445255013
In base 15, what is 4425 - -19a?
45c0
In base 2, what is -101010001010010001001110 + 1?
-101010001010010001001101
In base 14, what is 213c8 - -a3?
2148b
In base 2, what is 110 - -110011011000111111101?
110011011001000000011
In base 3, what is 10 + 1022210200121010?
1022210200121020
In base 2, what is -10000110010000011101000 + 1010110?
-10000110010000010010010
In base 6, what is -33120502 - -33?
-33120425
In base 15, what is -146 + -11eee?
-12145
In base 6, what is -331 + -2342002?
-2342333
In base 7, what is -4302602311 - -4?
-4302602304
In base 16, what is 63aa97 - -4?
63aa9b
In base 12, what is 532b14 + 4?
532b18
In base 4, what is -213321112030 - 2?
-213321112032
In base 8, what is -2 + 10670010?
10670006
In base 15, what is 2a - 442a54?
-442a29
In base 10, what is 11 - 4184780?
-4184769
In base 16, what is 5 + 1264da?
1264df
In base 14, what is -a - -bd6d30?
bd6d24
In base 14, what is -51b + 176793?
176276
In base 6, what is -1200 + 2502140?
2500540
In base 8, what is 6511516 - 67?
6511427
In base 2, what is -10101101101 - 1100000100?
-100001110001
In base 15, what is -b5ba + 39c7?
-7ae3
In base 2, what is 100110001011110001101 - -10?
100110001011110001111
In base 10, what is -85263717 - 1?
-85263718
In base 16, what is -a - 697fb?
-69805
In base 5, what is -1313 - 2114300?
-2121113
In base 11, what is 14 - 4a4914?
-4a4900
In base 14, what is cd53a3 - -7?
cd53aa
In base 9, what is -757313155 + 5?
-757313150
In base 5, what is 132321231223 + -10?
132321231213
In base 15, what is -43 + -5a3e2c?
-5a3e70
In base 6, what is 100101411 + -51?
100101320
In base 4, what is 1312300332331 + -3?
1312300332322
In base 12, what is -3086816 + -11?
-3086827
In base 12, what is -151 - -87189?
87038
In base 9, what is 6662 - -4143?
11815
In base 15, what is 1a - -2b41b?
2b436
In base 10, what is 1 + -899665?
-899664
In base 14, what is -498ca - 5d?
-49949
In base 13, what is -484a - -71?
-47a9
In base 4, what is 230222323 + -303?
230222020
In base 3, what is -211110221020 + -200?
-211110221220
In base 13, what is 1506 + -10307?
-bb01
In base 5, what is -102303020 + 10023?
-102242442
In base 9, what is 2050132 + 8?
2050141
In base 5, what is -1430 - 142322?
-144302
In base 15, what is 141d4 - 98?
1413b
In base 16, what is -16cb9c1 + -2?
-16cb9c3
In base 8, what is 347 + -145474?
-145125
In base 8, what is -22 + 75575272?
75575250
In base 5, what is 